 4*u + 1124. Does 26 divide w?
False
Let q(w) = -w**3 - 70*w**2 + 35*w - 118. Is q(-71) a multiple of 106?
True
Is (240/7 + 0)/((-1276)/(-2523290)) a multiple of 15?
True
Let t(f) = -f**3 - 3*f**2 + 6*f + 4. Let w = 393 + -400. Is 12 a factor of t(w)?
False
Let a(t) = -t**3 - 24*t**2 + 76*t - 44. Let m be a(-34). Suppose 8*b + 6*b - m = 0. Does 39 divide b?
False
Let r = 272 - 273. Let u = -256 + -39. Is 6 a factor of (r + (3 - 1))/((-5)/u)?
False
Suppose -3*u + 5*x - x + 1008 = 0, 4*u - 3*x = 1351. Suppose u = -11*p + 1814. Does 38 divide p?
False
Let j(i) = -13*i + 0*i - 38 + i**2 + 10. Let o be j(19). Suppose -346 = -5*d - 5*v + 44, 5*v = -d + o. Does 19 divide d?
True
Let i = -206 - -209. Suppose t - 283 = -d, i*d - 3*t - 847 = -7*t. Does 8 divide d?
False
Suppose 0 = 81*s - 150*s + 344724. Is s a multiple of 4?
True
Let l be 0 - (96/(-10) + 18/30). Suppose -h - 2272 = -l*h. Suppose 2*p - 5*p + 2*x = -h, -p - 3*x = -113. Is 16 a factor of p?
False
Let f be (-20)/(-12) - (-70)/3. Suppose -4*s + 0*s - f = 5*u, -s - u - 5 = 0. Suppose -w + 33 = -0*w - 3*z, -w - 4*z + 12 = s. Does 13 divide w?
False
Let y(f) be the first derivative of -1/4*f**4 + 9*f + 16 + 20/3*f**3 - 5*f**2. Does 15 divide y(19)?
True
Suppose 0 = 2*u - 2*f - 750, -f = 3*u - 292 - 813. Does 5 divide u?
True
Let y(q) be the first derivative of -q**4/4 - 10*q**3/3 - 4*q**2 - 41*q - 25. Does 13 divide y(-10)?
True
Suppose -39 = a + 39. Is 2 a factor of (-3 - 10*a)*(-1)/(-3)?
False
Let g(t) = 8*t**2 - 24*t - 1. Let b be g(10). Suppose 2*r = 123 + b. Does 11 divide r?
True
Suppose 6*i = 3*n + 19956, -19*i - 4*n = -22*i + 9993. Does 15 divide i?
False
Let o = 140 - 137. Let d be (3/(12/1112))/2. Suppose i = -i - 5*m + d, 4*m - 191 = -o*i. Is i a multiple of 13?
False
Let d be 3*(-2)/((-12)/(-1342)). Let j = 591 - d. Is 8 a factor of j?
False
Suppose 3*l - 4752 = -2*t, t = -4*l - 296 + 6637. Is l a multiple of 45?
False
Suppose -3*j = -m - 14, 2*j - 4*j + 12 = 2*m. Let s = j - 3. Let x(v) = 9*v**3 - 2*v + 4. Is x(s) a multiple of 18?
True
Let g be 3/((-24)/(-32))*12458/8. Suppose -1861 + g = 21*i. Is 52 a factor of i?
True
Let w = 627 + 7011. Is w a multiple of 24?
False
Let b = 19703 + -8475. Is b a multiple of 14?
True
Let y(u) = 4*u**2 - 8. Let v be 2/4*-1*-7*2. Suppose -12 = v*g - 4*g. Does 8 divide y(g)?
True
Let w(j) = -4*j - 22. Let t be w(-10). Does 22 divide 3/(t/(-6)) + 184?
False
Let m = 1091 + -385. Let z = -476 + m. Is 23 a factor of z?
True
Let d(c) = c**2 + 5*c + 14. Let j = -26 - -12. Let s be (-256)/26 - j/(-91). Is d(s) a multiple of 8?
True
Suppose -1364*y = -1370*y + 180. Suppose -y*w = -27*w - 1494. Does 9 divide w?
False
Let i(d) = d**3 - 11*d**2 - 14*d - 10. Let s be i(10). Let x = s + 519. Is 25 a factor of x?
False
Let l(r) = -6482*r - 3320. Is 157 a factor of l(-4)?
True
Let n be 1/5 - 48/15. Let g be 22/(-33)*n/(-2). Does 10 divide 814/4 + g/2?
False
Suppose -5*u = -5033*m + 5030*m - 13557, 0 = 2*u + 4*m - 5376. Is 5 a factor of u?
False
Let z = -20 - -87. Let n = z - 95. Let l = n - -50. Is l a multiple of 11?
True
Let s be ((-1857)/(-9))/((14/(-12))/(-7)). Let o = 1928 - s. Is 28 a factor of o?
False
Let n = -3688 - -11094. Is n a multiple of 23?
True
Let m(h) = -191*h - 26. Is m(-25) a multiple of 25?
False
Let g(u) = 3*u - 45. Suppose 0 = 5*j + 5*s - 30, s + 18 = 4*j - s. Suppose -4*x + j*x + r = 21, -4*r = 8. Is g(x) a multiple of 2?
True
Let r = 110 + -110. Suppose k + 4*h - 205 = r, 0*k = 2*k - 5*h - 371. Is 12 a factor of k?
False
Let o(f) = 6*f**2 - 4*f - 1. Let m(p) = -p**3 - 4*p**2 - p - 1. Let i be m(-4). Let s be o(i). Suppose -54*l - s = -55*l. Is l a multiple of 41?
True
Suppose 0 = 4*y - 2*s - 17090, -2*y + 9*s = 5*s - 8530. Is 15 a factor of y?
True
Let q(g) = 196*g - 146. Let k be q(4). Let n = 1253 - k. Is n a multiple of 15?
True
Let v(g) = 15*g - 3. Let o be v(2). Let s(b) = b**3 - 27*b**2 + 68*b - 38. Is s(o) a multiple of 62?
True
Let m(k) = k + 12. Let i be m(-9). Suppose l + 3*y = 194, -1 = 2*y - i*y. Suppose -l = -7*b + 537. Is 8 a factor of b?
True
Suppose -5*n - 360100 = -51*n - 6*n. Is 11 a factor of n?
False
Let f = -5 + -3. Let p(g) = -g**3 - 9*g**2 - 9*g - 1. Let n be p(f). Suppose n*z - 9*z + 144 = 0. Is z a multiple of 12?
True
Let p(u) = -u**3 - 14*u**2 - 18*u - 6. Let o = -7 + 7. Suppose -r - 3 = -5*g - o, -g - 67 = 5*r. Does 10 divide p(r)?
False
Let j be 6 - (3 + (0 - -1)). Suppose t = -j*q + 519, -4*t = -8 + 20. Is q a multiple of 29?
True
Suppose 213*k + 202740 = 243*k. Is k a multiple of 31?
True
Let z = -2896 + 2968. Is 8 a factor of z?
True
Suppose 0 = 3*p - 15, p - 1133 = -4*v + 1176. Suppose 4*w = 2*w + v. Does 8 divide w?
True
Suppose 311 + 97 = 8*s. Suppose -65*c + 3556 = -s*c. Is 16 a factor of c?
False
Let h(k) = 18*k - 3*k - 5 + 349*k**2 - 350*k**2. Does 2 divide h(4)?
False
Let a(x) = 12*x + 15. Let k be a(-1). Is 30 a factor of (k + 47)/(-2 - -3)?
False
Let p be ((-6)/21)/((-3)/21). Suppose -3*f = 5*m - 1664, -p*m + 263 = -2*f - 393. Does 10 divide m?
False
Let y(k) = -218*k**2 + k - 3. Let h be y(-5). Let r be h/(-3) + (-24)/(-36). Suppose -5*s = 8*s - r. Does 35 divide s?
True
Let u = 280 + -280. Suppose q - 263 = -d, 0 = q - u*q - 5*d - 269. Is q a multiple of 12?
True
Let r(z) = 217*z**2 - 449*z + 42. Does 10 divide r(-14)?
True
Let i = -244 - -388. Suppose 0 = 16*b - 12*b - i. Does 3 divide b?
True
Suppose -6*v = -34*v - 31*v + 1280477. Is 11 a factor of v?
True
Suppose 10*s + 7 = 547. Suppose -4*i = -3*i - s. Is i a multiple of 2?
True
Let z(l) be the first derivative of -l**3/3 + 31*l**2/2 + 48*l + 5. Is z(19) a multiple of 6?
True
Suppose -3944733 = -211*g + 3241083. Is g a multiple of 66?
True
Suppose 5*a = 3*q - 551, -5*q + 52 = a - 857. Suppose 4*x - 4*y + q - 1234 = 0, 506 = 2*x + 3*y. Does 24 divide x?
False
Suppose 5*g - 4*m = -2, -g + 2*m + 3 = 7. Suppose -g*a = -4 + 4. Suppose -4*o + a*o = 5*d - 66, o - 27 = 4*d. Does 8 divide o?
False
Suppose -50538 = -321*w - 11376. Let q be -1*(0 + 0 - 58). Let d = w + q. Is d a multiple of 20?
True
Let l(d) = -d**3 - 12*d**2 + 11*d - 16. Let u be l(-13). Let r be 2*(92/40 - 8/u). Suppose 0 = r*v + 2*v + 3*q - 78, -4*q = 16. Is v a multiple of 10?
False
Suppose -31 = -5*r - 3*b, -3*r = -b - 2*b - 33. Suppose -5*g + 16 = -2*j, -3*g = -g + r. Let p = j + 42. Does 6 divide p?
True
Suppose -4*m - 2*l = 936, 299 = 3*m - l + 1001. Let f = -36 - m. Is 30 a factor of f?
False
Suppose o = 3*t - 62, -2*t + 2 - 12 = 0. Let r = 79 - o. Is r a multiple of 6?
True
Suppose -2*f = 4*h - 37 + 13, 5*h = 0. Let r be (-3 - -4)*1/3*f. Suppose r*m = 2*k - 6*k + 624, 2*k + 4*m = 316. Is 14 a factor of k?
True
Let b(f) = -10*f**3 - 123*f**2 + 11*f - 46. Is b(-18) a multiple of 34?
True
Let q(r) = r**2 + 20*r - 5. Let v be q(-14). Let s = 191 + v. Does 17 divide s?
True
Is (-519915)/(-220) - 6/(-8) a multiple of 4?
True
Let i be (2 - 16/10)*45/9. Suppose 0 = -3*m + 14 - 5, -4*a - i*m = -22. Suppose -4*q + 404 = -0*q - 4*r, 0 = 5*q + a*r - 514. Is 6 a factor of q?
True
Suppose -4559 = -x - 3*f, 3*x = -2*x - 13*f + 22801. Does 55 divide x?
False
Let b = 234 + -194. Suppose 5*k = -4*l + b, 5*l = 7*k - 3*k + 50. Is 10 a factor of l?
True
Let d(s) = 4*s**2 + 49*s - 102. Let c be d(2). Suppose -c*t + 13*t = 1960. Is t a multiple of 14?
True
Let q = -42762 - -43576. Does 2 divide q?
True
Suppose -2*i + 1356 = 6*z - z, 5*i = 3*z - 826. Suppose -168 = -4*k + z. Is 10 a factor of k?
True
Suppose -2*t - 8 = 0, -3*g + 6*g - 16 = t. Let x(r) = r**3 + 6*r**2 + 6*r + 4. Let p be x(-5). Is 19 a factor of g/(-8)*p*38?
True
Is (1 + 918/(-4))*(-53 - -5 - -2) a multiple of 13?
False
Let y(j) be the first derivative of 2*j**3/3 + 11*j**2 + 40*j - 20. Is 18 a factor of y(-15)?
False
Suppose 0 = 3*n + 452 - 3794 - 15027. Is n a multiple of 39?
True
Suppose 2*x + 3*v = -467, -3*v = 4*x + 2*v + 935. Let z = 9 - x. Is z a multiple of 9?
False
Suppose -o = -2*m + 7*m - 62, -68 = -5*m + o. Suppose 0 = m*d - 3*d - 50. Suppose d*z - 185 = 155. Is 13 a factor of z?
False
Let u(k) = -1246*k + 5506. Is 55 a factor of u(-7)?
False
Is 241 a factor of (-2)/(-3)*-16908*110/(-80)?
False
Suppose 0 = l - 20 - 15. Is 28 a factor of 1 - l/20 - (-315)/4?
False
Let f(v) = 90*v**3 - v**2 - v + 3 + 309*v**3 + 0 - v. I